der when 50 is divided by n?
14
Suppose -7*w - 8 = -36. Suppose -201 = -w*z + 267. Calculate the remainder when z is divided by 40.
37
Let x be (-23)/69 - (-2462)/6. Suppose i + 4*i = x. Calculate the remainder when i is divided by 17.
14
Let g(h) = -h**2 - 12*h - 6. Let w = 11 - 22. Calculate the remainder when g(w) is divided by (-8)/(-12) + 8/6.
1
Suppose -4*j + 2*j + 12 = 2*f, -f + 3*j = -22. Calculate the remainder when (f/(-35))/((-3)/21) is divided by 1.
0
Let j(t) = -21*t + 156. Calculate the remainder when j(3) is divided by 23.
1
Suppose -z = -2*z + 19. Let v = -16 - -31. Let p = z - v. What is the remainder when 10 is divided by p?
2
Let t = -21 + 27. Let v = t + -4. Suppose 0 = -2*m + 2*s + 12, -s = -3*m - v*m + 42. What is the remainder when 16 is divided by m?
7
Suppose -149 = -3*r + 2*x + 98, 2*r = 4*x + 178. What is the remainder when r is divided by 27?
25
Let t = -466 - -1690. What is the remainder when t is divided by 35?
34
Suppose 3*l = -10*l + 7137. What is the remainder when l is divided by 50?
49
Suppose 0*w - 416 = -16*w. What is the remainder when 64 is divided by w?
12
Let o(t) = 5*t**2 + 3*t - 2. Let s(r) = -9*r**2 - 5*r + 3. Let x(u) = 11*o(u) + 6*s(u). Calculate the remainder when 47 is divided by x(4).
23
Suppose -k = -5*m + 13, -5*k + 43 = -0*m + 2*m. What is the remainder when 1060/35 + 2 - 4/14 is divided by k?
4
Let s(j) = -j. Let u be s(-3). Let q = 4 - u. Suppose 2*a = 5*k - 68, -q = a - 2*a. What is the remainder when 39 is divided by k?
11
Suppose 4*g - 292 = 4*h, -4*h - 144 = -g - 80. Calculate the remainder when 77 is divided by g.
1
Calculate the remainder when ((-1)/7 - 9/(-14))*86 is divided by 14.
1
Suppose t + 16 = 4*x - 4*t, -5*x = -2*t - 20. What is the remainder when 2*(406/x + -3) is divided by 50?
47
Let s be (-4 - 4)*(-3)/4. Suppose p = -0*p + s. Suppose -5*t - p = -101. Calculate the remainder when 36 is divided by t.
17
Let u(s) = s**2 + s + 4. Let p be u(5). Let k = p - 34. Suppose 6*f - f - 85 = k. Calculate the remainder when f is divided by 7.
3
Let o = -17 + 32. Let y be (-6)/(-14) + (-5280)/(-77). Suppose 8*i - y - 267 = 0. What is the remainder when i is divided by o?
12
Suppose 5*t + 5*y - 31 - 84 = 0, -5*t + 4*y + 124 = 0. What is the remainder when 67 is divided by t?
19
Calculate the remainder when (2640/(-64))/((-3)/4) is divided by 28.
27
Suppose 4*j + 2*m - 4 = -0, 5*j = m - 2. Suppose 0 = b - j - 6. Let w(d) = d**3 + 9*d**2 - 11*d - 163. What is the remainder when w(-6) is divided by b?
5
Suppose -43*u + 2*y = -47*u + 56, -3*u + 42 = 4*y. Suppose -o + 3*o - 72 = 0. What is the remainder when o is divided by u?
8
Suppose 0 = 3*g + g + 300. Let q = g - -122. Calculate the remainder when q is divided by 15 - (2 + -3*1).
15
Calculate the remainder when 519 is divided by ((-236)/295)/((-1)/50).
39
Let b = 327 - 213. Calculate the remainder when b is divided by 39.
36
Let d(i) = -2*i + 3. Let o be d(2). Let f = o + 8. Suppose 23*z = 24*z - 5. What is the remainder when f is divided by z?
2
Let z = 1454 + -741. Calculate the remainder when z is divided by 55.
53
Let s = 46 - 37. What is the remainder when 14 is divided by s?
5
Suppose -29*r = -15*r - 1288. What is the remainder when r is divided by 16?
12
Suppose -152 = -5*o + h - 5*h, -o + 40 = 4*h. Calculate the remainder when o is divided by 160/15*9/6.
12
Let a(u) = u + 6. Let c(x) = 9*x**2 - 5*x + 3. Let y be c(3). Let k = -48 + y. Calculate the remainder when k is divided by a(5).
10
Let c(p) = 2*p**2 + 11*p - 48. Let j be c(6). Calculate the remainder when j + 3*(3 - 4) is divided by 9.
6
Let t = 25 + -19. Let d(i) = i**2 + 5*i + 2. What is the remainder when d(t) is divided by 14?
12
Let n(c) = -99*c + 15. Let l be n(-5). Suppose 3*o + l = 13*o. Calculate the remainder when 201 is divided by o.
48
Let w = 578 + -550. Let c(n) = n**3 - 3*n**2 - 6*n - 3. What is the remainder when w is divided by c(5)?
11
Suppose 3 = -x + 3*x + 3*i, 2*x + 5*i + 3 = 0. Let b = x + 6. Let r(s) = -s + 2. What is the remainder when b is divided by r(-3)?
2
Let g = 348 - -447. Suppose 12*k + 171 = g. Calculate the remainder when k is divided by 28.
24
Let q be (-14)/(-49) - (-1538)/7. Suppose -w - 3*w = -q. Calculate the remainder when w is divided by 14.
13
Let w = 89 + -35. Suppose -x - x = -w. What is the remainder when (2 - 5)/(9/(-318)) is divided by x?
25
Let h(x) = x**2 + 8. Suppose -3*j - 5*c = -73, 5*j - 4*c - 147 = -6*c. What is the remainder when j is divided by h(0)?
7
Let p(y) = -3*y - 31. Let o(k) = -k**2 + k + 7. Let q be o(-5). Suppose 117 + 431 = 5*j + 4*c, j = -c + 109. What is the remainder when j is divided by p(q)?
36
Let l = -534 + 563. What is the remainder when l is divided by (-17 + 2)*(-9)/15?
2
Let k(i) = -i**3 - 5 + 0 - i**2 + 0*i**2 + 6*i. Let j = 23 - 1. What is the remainder when k(-5) is divided by j?
21
Suppose -70 = -y + 67. Suppose 4*l = -l - 5*j + 145, y = 5*l + j. What is the remainder when 187 is divided by l?
25
Let f(d) be the second derivative of d**3/6 + 17*d**2 + 31*d. Calculate the remainder when f(-6) is divided by 16.
12
Suppose 0*y - 5*y = q - 58, -2*q + 39 = 3*y. Calculate the remainder when y is divided by 3 - 2 - 4/(-2).
2
Let o(u) = 22*u + 5. Calculate the remainder when o(14) is divided by 63.
61
Suppose 3*p - 378 = -5*a, -4*p = 4*a - 207 - 89. Let o = a - 22. Calculate the remainder when 25 is divided by 1/(-1*(-4)/o).
11
Suppose 2*a - 4*h = 106, -44 = 2*a - 3*a + 5*h. Let i(w) = w**2 - 7*w + 10. Calculate the remainder when a is divided by i(7).
9
Suppose -11*y + 200 = 14*y. What is the remainder when 172 is divided by y?
4
Suppose 2*p = 2*r + 12, p - 4*r = -4*p + 33. Let s(v) = 8*v + 149. Calculate the remainder when p is divided by s(-18).
4
Let d = 929 - 905. Calculate the remainder when 80 is divided by d.
8
Let k = 178 + -17. Calculate the remainder when k is divided by 15.
11
Let v(s) = s**3 - 13*s**2 + 15*s + 15. Let z = 17 + -14. Let r = 9 + z. What is the remainder when v(r) is divided by 13?
12
Suppose 3*q = -0*q + 27. Suppose -14 = 5*z - 219. What is the remainder when z is divided by q?
5
Suppose 0 = 46*k - 5*k - 1025. What is the remainder when k is divided by 9?
7
Let k(y) = y**3 - y + 33. Let t = 2 - 4. Calculate the remainder when k(0) is divided by (-7)/(((-4)/8)/((-1)/t)).
5
Let l = -61 + 84. What is the remainder when 56 is divided by l?
10
Let h(j) = -2*j**3 - 9*j - 24. What is the remainder when 98 is divided by h(-3)?
41
Suppose 44*t - 13778 + 3702 = 0. Calculate the remainder when t is divided by 52.
21
Let q(i) = 2*i**3 - 6*i**2 + 4*i - 4. Let j be q(4). Suppose -32 = 2*t - j. What is the remainder when 12 is divided by t?
0
What is the remainder when ((-99)/(-9))/(5/170) is divided by 42?
38
Let h(b) = -33*b - 2. Suppose 4*s - 115 = 4*r - 9*r, 3*s + 5*r = 90. Calculate the remainder when h(-3) is divided by s.
22
Let p = 42 - -7. Suppose 49 = 2*n - 29. What is the remainder when p is divided by n/(-2)*(-24)/36?
10
Let l(d) = -17*d - 1. Suppose -8*f + 3*f = -210. Calculate the remainder when f is divided by l(-1).
10
Let z be -5 + 1 + (-7 - -282). Let k = -191 + z. Calculate the remainder when k is divided by 27.
26
Suppose -2*y = -4*p + 720, 5*p - 4*y + 340 = 7*p. Calculate the remainder when p is divided by 61.
56
Let p(m) = -m**2 + 36*m - 285. Suppose 228 = 4*j - 4*a, -3*j + 2*a + 73 = -95. What is the remainder when j is divided by p(23)?
12
Let g = 35 - -84. Suppose 0 = 4*l - 3*c - g, -l - 4*c = l - 54. Calculate the remainder when 56 is divided by l.
27
Suppose -5*w - 3 + 88 = 5*p, 4*w = 4*p + 36. Calculate the remainder when 13 is divided by w.
0
Suppose 2*m = -2*v + 12, 6*v - 2*v - 8 = 4*m. Suppose -d = -m*k - 32, 3*k + 31 = d + 2*k. What is the remainder when 58 is divided by d?
28
Let k = -156 - -198. What is the remainder when k is divided by 7?
0
Suppose 4*l = 5*h - 0*h - 109, -3*l - 3 = 0. Let w = h + -16. Suppose 2*a - a - 33 = w*o, -4*o - 123 = -5*a. Calculate the remainder when a is divided by 15.
8
Suppose 7*b - 97 = 2*b - 4*x, 5*x - 100 = -5*b. Suppose -111*l + 270 = -102*l. What is the remainder when l is divided by b?
13
Let x(s) = 6*s**2 + s. What is the remainder when 175 is divided by x(-2)?
21
Let o = 616 - 505. What is the remainder when o is